 = 7 - g. Suppose -4*i = p - 2, 0 = y*p + 3*i - 4*i - 59. List the prime factors of p.
2, 7
Let f(a) = a**3 + 3*a**2 - 2*a + 3. Let d be f(2). Suppose -3*i + 4*i - d = 0. Let h = i + -13. What are the prime factors of h?
2, 3
Let c(f) = f**2 + f + 1. Let x(h) = -6*h**2 + h - 8. Let r(z) = -5*c(z) - x(z). Let i = -14 - -20. List the prime factors of r(i).
3
Let p(u) = 7*u**3 - u - 5. What are the prime factors of p(3)?
181
Let z(j) be the first derivative of j**4/2 - 2*j**2 - j + 3. List the prime factors of z(3).
41
List the prime factors of ((-5)/((-5)/23))/((-4)/(-12)).
3, 23
Let t be 3/(2*-3)*-10. Suppose -73 = -t*y - 28. What are the prime factors of y?
3
Suppose 290 = -b + 6*b. Let d = 10 - b. List the prime factors of 3/15 - d/10.
5
Let y(g) = -12*g + 11. List the prime factors of y(-5).
71
Let y(p) = -p**3 + 21*p**2 - 15*p - 2. List the prime factors of y(20).
2, 7
Let i(u) = -u**2 + 5*u - 2. Let j be i(4). Suppose -s = 2*y - 3*y + j, 5*y - 10 = 4*s. List the prime factors of y.
2
Let k be 66/(-12)*(-1 - 1). Suppose -y = 5*t + k, -y + 61 = 4*y - 4*t. What are the prime factors of y?
3
Suppose -13*a = -8*a + u - 971, 967 = 5*a - 3*u. What are the prime factors of a?
2, 97
Let t be -5*((-264)/(-5))/(-4). Suppose -w + 5*x = -0*w - t, 0 = -5*w + 5*x + 370. Suppose v = -5*f + 94, -2*f + 6*f + v = w. List the prime factors of f.
2, 3
Suppose 3*t + 2*a + 0*a - 103 = 0, -2*t = -4*a - 42. Suppose -4*q - 95 = -9*q. Let m = t - q. What are the prime factors of m?
2, 3
Let q(j) = j**3 + 3*j**2 - 4*j + 2. Let y be q(-4). What are the prime factors of (y + (-24)/15)*10?
2
Let s(m) = 17*m - 1. What are the prime factors of s(4)?
67
Let q(l) = -l**3 + 9*l**2 - 9*l + 6. Let u be q(8). Let r = 4 + u. Suppose z + i = 12, -r*z + 5*i = 2*i - 39. List the prime factors of z.
3, 5
Let g(q) = -q + 3. Let x be g(2). Let c = x + 0. Suppose c + 6 = r. List the prime factors of r.
7
List the prime factors of -9 - -11 - (-390)/2.
197
Suppose -5*b - 15 = -4*v + 46, 4*v - 70 = 2*b. List the prime factors of v.
19
Suppose 5*p - 3*r - 219 = 0, 4*p + 0*r - 162 = -2*r. List the prime factors of p/9 - 1/(-3).
5
Suppose -15 = -5*s, -n + 0 - 10 = -4*s. Let q be (4/3)/(n/6). Suppose -2*k + k + 17 = 4*b, -q*b = -k + 1. List the prime factors of k.
3
Suppose -3*n - 59 = 5*v, 4*n - v + 94 = -0*v. Let b = 37 + n. List the prime factors of b.
2, 7
Let n(u) = -u - 3. Let z be n(-3). Suppose 2*t + 0 - 44 = z. What are the prime factors of t?
2, 11
Let v = 1 - 28. Let o be -1 + 3 - (474 - 7). What are the prime factors of 4/(-18) + o/v?
17
Let m = -184 - -426. What are the prime factors of m?
2, 11
Let i be -8*(-1)/(-4)*-2. Suppose 3*s = -4*c - 4, -c + 3 = -i*s - 4*c. What are the prime factors of (0 - 4)*(-1 - s)?
2
Suppose 0 = 5*h - 12*h + 581. List the prime factors of h.
83
Let n(d) = 3*d**2 + 0*d**3 - 7*d**2 + 4*d - 2*d**3 - 4. Let y be n(-4). Suppose 0 = 4*g - 8*g + y. What are the prime factors of g?
11
Suppose 5*c + 254 = 3*k, -5*k = 2*c + 27 + 87. Let v = c + 87. What are the prime factors of v?
5, 7
Let c(f) = -3*f - 5. List the prime factors of c(-11).
2, 7
Let o be (3/(-6) - 1)*-10. Let v be (-4)/10 - (-426)/o. Suppose -5*b + b = -v. What are the prime factors of b?
7
Let w(l) = -l**3 - 2*l**2 - 2*l. Let g be 3*((-3 - 1) + 3). List the prime factors of w(g).
3, 5
Suppose -l = -6*l + 3*h + 1454, 0 = -5*l - 5*h + 1430. List the prime factors of l.
17
Let k(l) = l**3 - 7*l**2 + l + 1. Let g be k(7). Suppose 4*h + 2*o - 14 = 8*h, -2*h = 4*o - g. Let y = 10 - h. List the prime factors of y.
2, 3
What are the prime factors of 9/6*120 + 1?
181
Suppose 9 = 4*d - d. Suppose -d*y - 622 = -y + c, 301 = -y + 2*c. What are the prime factors of y/(-21) + 2/7?
3, 5
Let h(p) = -p**2 + 6*p + 4. Suppose -4*f = 3*c - 6, -5*c - 2*f = -3*c - 6. Let w be h(c). Suppose s = -w*s + 15. What are the prime factors of s?
3
Let s = -5 - -7. Suppose 3*v - 2*v - 8 = 3*j, -2*j = -2*v + 12. What are the prime factors of 2*s/2 + v?
7
What are the prime factors of 15/(3 - 117/42)?
2, 5, 7
Suppose -15 = -3*f, 0 = -3*o + f - 2 + 6. Suppose -2*y = -o*y + 5. Let m = y - 3. What are the prime factors of m?
2
Let u = -76 + 260. List the prime factors of u.
2, 23
Suppose -3*i = -p + 4*p - 3, -i - 5 = 3*p. Let q be ((-36)/(-14))/(12/(-56)). What are the prime factors of ((-9)/q*i)/1?
3
Let z be (-5)/(4/48*-2). Suppose 0 = 2*n - 7*n + z. What are the prime factors of n?
2, 3
Let x = 6 + -2. Suppose 15 = s + x*s. Suppose 0 = 2*z - 2*n - 3*n - 47, n = -s*z + 28. List the prime factors of z.
11
Suppose 7*v = 5*v + 6. Suppose 6 = y - v*y + 3*p, 3*p = 12. List the prime factors of y.
3
Let j(o) = -13*o + 311. What are the prime factors of j(0)?
311
Let t(p) be the second derivative of p**5/20 - p**4/12 - 2*p**3/3 + p**2/2 - 3*p. Suppose -3*g = -8*g + 15. What are the prime factors of t(g)?
7
What are the prime factors of (-1)/((-4)/12*3/17)?
17
Let c(k) = -3*k + 3. Let y be c(-6). Let r = 36 - y. What are the prime factors of r?
3, 5
Let l(t) = t**3 - t**2 - t + 1. Let s be l(1). Suppose -b - 153 = -5*b - 5*h, s = h - 5. List the prime factors of b.
2
Suppose -2*n = -128 - 312. List the prime factors of n.
2, 5, 11
List the prime factors of 74/2 - (1 + -5).
41
Let n = -2 - -8. Let g(p) = p**2 - 6*p - 2. Let t be g(7). Suppose n*a = t*a + 7. List the prime factors of a.
7
Suppose 4*n = -2*b + 4*b - 70, 0 = 3*b - 5*n - 103. Let y(r) = 2*r**2 - 3*r + 2. Let x be y(-3). Suppose -5*j = -x - b. What are the prime factors of j?
2, 3
Let t(n) = n**2 - n + 6. Let x(j) = j**2 + 8*j + 7. Suppose 10 + 24 = -2*g - 5*d, -3*g - 9 = -3*d. Let u be x(g). List the prime factors of t(u).
2, 3
Suppose 4*u - 3*q = -u - 139, 0 = 5*q - 15. What are the prime factors of (-6)/39 + (-394)/u?
3, 5
Let t be 2/((-3)/39*-2). Let c = -6 + t. What are the prime factors of c?
7
Suppose -2*g + 7*g = 50. Let d = 6 - -2. Suppose -3*i + g = -d. What are the prime factors of i?
2, 3
Suppose -4*b = -5*s - 0*s + 280, -168 = -3*s + b. Suppose -3*a = a - s. What are the prime factors of a?
2, 7
Let u(m) = -68*m - 18. What are the prime factors of u(-4)?
2, 127
Suppose -7*b + 16 = -3*b. What are the prime factors of (-16)/b - 1*-40?
2, 3
List the prime factors of (-16)/(((-40)/28)/5).
2, 7
Suppose -14 = -5*x + 36. What are the prime factors of x?
2, 5
Suppose 0 = 4*b - 2*b - 12. Let m be (2 - 7)*b/(-5). Suppose 0 = j - 3 - m. What are the prime factors of j?
3
Let s(o) = -o**2 - 11*o - 12. What are the prime factors of s(-7)?
2
Let z(k) = k**2 + k - 1. Let j be z(2). Suppose 0*v + j*v - 10 = 0. Suppose -w - 2 = -v*w. What are the prime factors of w?
2
Let c(s) = -3*s + 18. What are the prime factors of c(-18)?
2, 3
List the prime factors of ((-4128)/(-42) - -6) + (-2)/7.
2, 13
Let d = -69 - -176. List the prime factors of d.
107
Suppose -4*y - 8 + 152 = 0. List the prime factors of y.
2, 3
List the prime factors of (1/(-2) + 0)/((-6)/1128).
2, 47
Let n be (-4 - -9) + -2*1. Let f be (-42)/(-4) + n/6. List the prime factors of 1*-4*f/(-4).
11
Let f = -5 + 8. Suppose 0 = 6*x - f*x. Suppose x*l = -3*l + 27. What are the prime factors of l?
3
Suppose -3*m - 5 = -23. Suppose -4*s + 2*s - 3 = -3*h, -3*h = -s - m. Suppose 2*g = -2, -4*g + s*g = u - 6. What are the prime factors of u?
7
Suppose -2*b = b. Let z = 2 - -1. Suppose 3*k - 4*n - 35 = 6, b = -z*n - 15. List the prime factors of k.
7
Suppose 2*v = -v + 96. List the prime factors of v.
2
Let g(a) = -a**3 - 2*a**2 - 2*a - 1. Let w be g(-2). Suppose 37 = 2*j - w*h, 5 = j + 3*h - 0. What are the prime factors of j?
2, 7
Let z = 20 - -30. Suppose 3*r = z + 4. List the prime factors of r.
2, 3
Let c = 148 + -65. What are the prime factors of c?
83
Let o be 16/(-10) - 4/10. List the prime factors of ((-10)/(-6))/(o/(-12)).
2, 5
Suppose -8*x - 21 = -11*x. List the prime factors of x.
7
Suppose -5*g + 17 = -3. What are the prime factors of g/(-12) - (-237)/9?
2, 13
What are the prime factors of (0 - 111/(-2)) + 3/(-6)?
5, 11
Let v be (11/44)/((-2)/(-56)). Let q = 4 + v. List the prime factors of q.
11
Suppose 5*m + 61 = d, 17 = -3*m + 5. Let p = -26 + d. List the prime factors of p.
3, 5
Let o(b) = 77 + 0*b + 4*b - 21 - 3*b. Let h be o(0). What are the prime factors of 4/6 - h/(-6)?
2, 5
Let g be (0 + (16 - 2))/1. 